 be the first derivative of 4*j + 1/2*j**2 - 2/3*j**3 + 5. Determine y(x).
-11
Let s be 2/5 + 17/(-5). Let v(q) = 14*q**3 - 29*q**2 + 5*q + 8. Let o(y) = -5*y**3 + 10*y**2 - 2*y - 3. Let x(m) = -17*o(m) - 6*v(m). Determine x(s).
0
Let c(i) = -i**2 + i + 3. Let s be 1/2*0/(-3). Suppose s*p = -p. Suppose -2*k + 2 + 4 = p. Determine c(k).
-3
Let n be 52/(-65)*(1 + (-3)/(-2)). Let j(s) = 4*s + 3. Determine j(n).
-5
Let h(r) = -3*r**2 + 10*r - 9. Let c(u) = 2*u**2 - 7*u + 6. Let q(l) = 7*c(l) + 5*h(l). Determine q(3).
-9
Let j(f) be the second derivative of f**4/12 - f**3/2 - f**2/2 + 8*f. Calculate j(3).
-1
Let w(f) = f**3 + f + 1. Let i = -4 - -5. Let c(x) = -x**3 - 5*x**2 - 8*x - 9. Let l(a) = i*c(a) + 2*w(a). Determine l(6).
-7
Let z be 1/(1 - (-4)/(-3)). Let l = z + 5. Let h(m) = -m**2 + 3*m - m**l - 2*m. Determine h(1).
-1
Let t(c) = 0*c - 4684 + 2*c + 4691. Suppose 4*a + 5*o - 12 + 36 = 0, -2*a - 5*o - 12 = 0. Calculate t(a).
-5
Let x(h) = -4*h**2 + 3*h. Suppose -3*n = -0*n + 12. Let f(y) = -y**3 - 3*y**2 + 3*y. Let v be f(n). Suppose -v = -5*k + 6. Determine x(k).
-10
Let r(c) = -7*c**3 - 3*c**2 + 3*c - 4. Let i(j) = j**3 - j. Let m(p) = 6*i(p) + r(p). Suppose 0 = -2*v - 0*v + 10. Suppose -v*h = -3*h + 6. What is m(h)?
5
Let r(d) = d + 5. Let u(f) = -f**2 + 20*f - 13. Let p be u(19). Determine r(p).
11
Let a(j) = j - 4. Let d be a(6). Let b(c) be the first derivative of -9/2*c**2 - d - c. Give b(-1).
8
Let n(k) = k + 0 - 4 + 0*k + 0. Give n(-4).
-8
Suppose 34 - 1 = -11*q. Let r(s) = -s**2 + 3*s + 0 + 2 + 6. Let i(u) = -2*u**2 + 5*u + 15. Let j(b) = 6*i(b) - 11*r(b). Determine j(q).
2
Let n(k) = -2*k + 9. Let h(m) = -m + 1. Let s(g) = -6*h(g) + n(g). Determine s(-2).
-5
Let n(x) be the third derivative of 0 + 1/2*x**4 + 0*x + 1/6*x**3 - x**2. Give n(1).
13
Let y(q) = q**3 + 2*q**2 - 3*q + 1. Let v be -1 + 4*(-2 + 1). Suppose -4*t + 2*t = -4. Let l = v + t. What is y(l)?
1
Let v = -5 - -5. Let t(g) = v*g + 2*g + 0*g**2 + 2 + g**2. Let b(s) = s**3 - 6*s**2 - 5*s - 16. Let r be b(7). What is t(r)?
2
Let r(m) = 2*m**2 + 2*m + 6. Let p(f) = f**2 + f + 5. Let s(l) = -4*p(l) + 3*r(l). Give s(-3).
10
Suppose -4*a - 10 = z - 3*a, 20 = -3*z - a. Let q(c) = -c - 5. Determine q(z).
0
Let g = 48 + -55. Let h(p) = p**2 + 8*p + 4. Give h(g).
-3
Let x(j) be the third derivative of j**5/60 - j**4/24 + 32*j**2. Give x(1).
0
Let x(m) = m**3 + m**2 + m - 1. Let q(d) = -3*d**3 - 4*d**2 - 6*d + 5. Let b(r) = -q(r) - 6*x(r). Determine b(1).
-4
Let j(s) = 2 - 6 + s - 5*s + 2*s. Give j(5).
-14
Let d(g) be the first derivative of -g**3/3 + 5*g**2/2 - 3*g - 5. Determine d(3).
3
Let h(v) = -2*v**2 + 4*v - 2. Let q(z) = z**3 + 2*z**2 - 2*z - 2. Let l = 2 + -4. Let c be q(l). Suppose -o + 5 = c. Determine h(o).
-8
Suppose 16 = -4*p - 4. Let l(k) = -k + 5*k - 2 - 3*k**3 - 20*k**2 + 26*k**2. Let v(i) = -i**3 - 1. Let u(y) = l(y) - 4*v(y). Determine u(p).
7
Let a(z) = -z**3 - 7*z**2 - 9*z - 7. Suppose 4*g - 2*s + 32 = 0, -4*g + 6*s - 28 = 5*s. Calculate a(g).
11
Let g(j) = 5*j**3 + 0 + 3*j + 4*j**2 + 7 + j**2 - 4*j**3. Give g(-5).
-8
Let w(b) = b**2 - b - 13. Let u be w(5). Let v(s) = -s - 3. Give v(u).
-10
Let w(d) be the first derivative of 0*d - 5 - 1/120*d**6 - 1/2*d**3 + 1/15*d**5 + 0*d**4 - 3/2*d**2. Let p(s) be the second derivative of w(s). Determine p(3).
6
Let b(z) = -3*z**2 - 3*z. Let g(u) = 4*u**2 - 11*u**2 - 3*u - 1 - 3*u. Let r(q) = 9*b(q) - 4*g(q). Determine r(4).
8
Let w(j) = 5*j - 1. Let h be w(1). Suppose -a = h*a. Let v(i) = 2*i + 4 + a*i + i**2 + 4*i. Give v(-5).
-1
Suppose -u + 4*u = -4*m + 7, -2*m = u - 3. Suppose 4*x - 21 + m = 0. Let p(q) = -2*q + 4. Determine p(x).
-6
Let d(b) = -26*b**2 - 3*b + 14*b**2 + 4 + 11*b**2. Calculate d(-3).
4
Let v(g) = 5 - 2 - g + 2. Let x(w) = 5*w**2 - w + 1. Let z be x(1). Give v(z).
0
Suppose -2*o + 3 - 7 = 5*x, -3*x = 5*o - 9. Suppose 2*s + 0 - 4 = 0. Let d(i) = -10*i + s*i + o - 2. What is d(1)?
-7
Let c(i) = 11*i**3 + 3*i**2 + 13*i + 7. Let j(r) = 5*r**3 + r**2 + 6*r + 3. Let p(z) = 4*c(z) - 9*j(z). Calculate p(2).
1
Let x(p) = -2*p - 21. Let i(r) = r + 10. Let s(o) = 5*i(o) + 2*x(o). Calculate s(-7).
1
Let x(y) = -y**2 - 1. Let j = 28 - 27. What is x(j)?
-2
Let y be 2 + ((-4)/(-1) - -1). Let u(p) = -4*p - y + 0 + 6. Determine u(2).
-9
Let m(p) = p**3 + 2*p**2 - 3*p + 4. Let y be 30 - (-1 - -2 - 1). Suppose -v - y = -3*v. Suppose 0 = 2*q + 3*q + v. What is m(q)?
4
Let q(y) = -2*y**2 - 7*y - 6. Let u = -17 - -13. Determine q(u).
-10
Let t(q) be the third derivative of q**6/120 - q**5/10 - 5*q**4/24 - 3*q**3/2 - 25*q**2. Determine t(7).
5
Let x(m) = -2*m + 1. Let n(a) = -a**2 + a - 1. Let r be n(0). What is x(r)?
3
Let x(r) = -r**2 - r - 1. Let b(u) = -u**3 - 18*u**2 - 16*u + 11. Let i(a) = -b(a) + 4*x(a). What is i(-13)?
-2
Suppose -3 = 5*m + 7. Let s(l) = -3*l**3 + 7*l**2 - 8*l + 8. Let q(g) = -g**3 + 1. Let t(o) = m*q(o) + s(o). Determine t(6).
-6
Suppose 0 = -y - y - 2*n - 10, -3*n = -4*y - 20. Let u(a) = -a**2 - 4*a + 6. Determine u(y).
1
Let t(h) be the first derivative of 5*h**2/2 - 6*h - 1. Suppose k - u = 8, u + 3*u = -4*k. Calculate t(k).
14
Suppose -17*f = -21*f + 8. Let c(g) be the third derivative of 0 + 1/3*g**3 + 1/4*g**4 - f*g**2 + 0*g. Calculate c(-2).
-10
Let r(t) = 9*t**2 + 2*t + 4. Let u(k) = -343*k**2 - 77*k - 154. Let s(m) = -77*r(m) - 2*u(m). Let j = -3 + 2. What is s(j)?
-7
Let y(q) be the third derivative of -q**6/120 - q**3 + q**2. Give y(0).
-6
Let m(j) = 3*j**3 - 4*j**3 - 2 - 2*j**2 + 3 + 3*j. Determine m(-2).
-5
Let j = 2 + -1. Suppose -5*x + 7*w = 3*w + 6, x - 5*w + 18 = 0. Let t be j/((-2)/x) - -2. Let y(k) = 2*k**2 + 1. Determine y(t).
3
Suppose -4 - 2 = -t. Let k(j) = -j**3 + 5*j**2 + 6*j - 3. Give k(t).
-3
Let x(v) be the second derivative of v**4/12 - 3*v**3/2 + v**2 - 4*v. Calculate x(8).
-6
Suppose 0 = -m - m - 2. Suppose -2*s = -w - 19, -2*s - 3*w = -s + 8. Let u(q) = -5*q + 4*q + s*q**3 + 0 + 0. Determine u(m).
-6
Let r(w) = -w + 5. Let z be r(5). Let n(k) = -k + 9. Let q be n(5). Let p(t) = -t - 1. Let o(a) = 1. Let m(s) = q*o(s) + p(s). Calculate m(z).
3
Let v(h) = 4*h**2 - 1 - h**3 + 6*h**2 - 4*h - 6*h**2. Suppose 2*p = -p + 9. Determine v(p).
-4
Let j(c) = -4*c + 3. Let h = -1 + 5. Determine j(h).
-13
Let z(w) be the third derivative of 7*w**5/60 + w**4/24 - w**3/3 - 9*w**2. What is z(-2)?
24
Let n(s) = s**2 - 5*s + 1. Let b be (3/(-3))/((-1)/5). Let p be ((-1 - -10)/(-3))/(-1). Suppose -4*a + p + b = 0. Determine n(a).
-5
Let f(r) = -r**3 + 3*r**2 - 2*r - 5. Let q(y) = y**2 - y + 1. Let s(w) = -f(w) + 3*q(w). Let d = 0 + 0. What is s(d)?
8
Let v(g) = g - 4. Let t(h) = -5 + h + 4 + 1. Let f(j) = -j + 1. Let p be f(-1). Let l(u) = p*t(u) - v(u). Calculate l(-4).
0
Suppose 2*t - 3*c - 29 = 0, -3*c = -3*t + 2*c + 42. Suppose t - 3 = -4*n. Let j(z) = z**3 + 5*z**2 + 4*z + 1. Give j(n).
1
Let v(z) be the first derivative of -z**4/4 + 5*z**3/3 - 2*z**2 + 3*z - 1. What is v(3)?
9
Let g = -1 - 4. Let p(z) = -z**2 - 4*z + 6. Let v be p(g). Let i(k) be the third derivative of k**6/20 + k**4/12 - k**3/6 - k**2. Determine i(v).
7
Let u(c) = -c**2 - 6*c + 5. Let l(z) = 4*z**2 + 19*z - 16. Let a(p) = -2*l(p) - 7*u(p). Calculate a(2).
1
Let f(r) be the third derivative of -r**7/2520 + r**6/180 - r**5/30 + r**4/8 + 3*r**2. Let w(n) be the second derivative of f(n). What is w(4)?
-4
Let l(t) be the first derivative of -4 - 2*t - 1/4*t**4 + 4/3*t**3 + 5/2*t**2. Calculate l(5).
-2
Let p be 5 - (2 - 1 - -1). Suppose -i - 2*i + 3*v = -30, v = -p*i + 10. Let g(l) = l**3 - 4*l**2 - 6*l - 1. Give g(i).
-6
Suppose 0 = -5*t + 3*t + 12. Suppose t*f - 5*f = 10. Suppose -f = r + 4*r. Let k(j) = -2*j - 2. Calculate k(r).
2
Let i(w) = -w**3 - 4*w**2 - 2*w - 4. Let s(q) = q**3 + 8*q**2 + 7*q. Let o be s(-7). Suppose o = y + 8. Let j be (4/(-8))/((-1)/y). Give i(j).
4
Let a(z) = -z. Let y(s) = 2*s - 3. Let u(o) = -4*a(o) - y(o). Give u(5).
13
Let q(h) = h**2 - h - 3. Let d = -11 + 24. Let o = d - 10. Determine q(o).
3
Let v(p) = -p**3 - 9*p**2 - p - 7. Let l be v(-9). Let k(b) = -3*b + 1. What is k(l)?
-5
Let d(x) = x - 1. Let g(p) = 2*p - 2. Let m = -2 + 2. Let o = m - 1. Let y(h) = o*g(h) + d(h). What is y(-2)?
3
Let y(q) = 5*q - 6. Let d(x) be the second derivative of 0 + 1/2*x**2 + 2*x - 1/6*x**3. 